2
What is the tens digit of 16637?
3
What is the units digit of 1185?
5
What is the units digit of 59705?
5
What is the tens digit of 71318?
1
What is the units digit of 2105?
5
What is the tens digit of 7081?
8
What is the tens digit of 7098?
9
What is the thousands digit of 89763?
9
What is the tens digit of 69760?
6
What is the units digit of 23139?
9
What is the thousands digit of 6793?
6
What is the tens digit of 5410?
1
What is the tens digit of 47440?
4
What is the thousands digit of 77445?
7
What is the ten thousands digit of 16635?
1
What is the thousands digit of 1559?
1
What is the tens digit of 289?
8
What is the hundreds digit of 2570?
5
What is the units digit of 492?
2
What is the hundreds digit of 2830?
8
What is the tens digit of 82915?
1
What is the tens digit of 896?
9
What is the thousands digit of 6305?
6
What is the units digit of 1599?
9
What is the hundreds digit of 36718?
7
What is the units digit of 1545?
5
What is the tens digit of 9103?
0
What is the units digit of 1169?
9
What is the tens digit of 903?
0
What is the thousands digit of 3705?
3
What is the tens digit of 605?
0
What is the hundreds digit of 1920?
9
What is the units digit of 2830?
0
What is the tens digit of 18064?
6
What is the units digit of 36238?
8
What is the thousands digit of 31930?
1
What is the tens digit of 3577?
7
What is the hundreds digit of 613?
6
What is the thousands digit of 2209?
2
What is the hundreds digit of 18856?
8
What is the hundreds digit of 6359?
3
What is the tens digit of 49825?
2
What is the thousands digit of 1423?
1
What is the tens digit of 80417?
1
What is the ten thousands digit of 37612?
3
What is the hundreds digit of 5090?
0
What is the thousands digit of 1638?
1
What is the thousands digit of 2060?
2
What is the tens digit of 20418?
1
What is the tens digit of 7447?
4
What is the ten thousands digit of 14913?
1
What is the tens digit of 174243?
4
What is the thousands digit of 5412?
5
What is the ten thousands digit of 31882?
3
What is the thousands digit of 2610?
2
What is the units digit of 421?
1
What is the tens digit of 55188?
8
What is the thousands digit of 18194?
8
What is the units digit of 8789?
9
What is the hundreds digit of 126?
1
What is the hundreds digit of 2389?
3
What is the units digit of 1702?
2
What is the units digit of 14631?
1
What is the hundreds digit of 2801?
8
What is the tens digit of 576?
7
What is the units digit of 532?
2
What is the thousands digit of 1224?
1
What is the units digit of 6563?
3
What is the tens digit of 2403?
0
What is the tens digit of 6483?
8
What is the units digit of 1610?
0
What is the hundreds digit of 859?
8
What is the tens digit of 2225?
2
What is the tens digit of 5302?
0
What is the hundreds digit of 606?
6
What is the units digit of 9026?
6
What is the units digit of 1739?
9
What is the thousands digit of 11191?
1
What is the tens digit of 1053?
5
What is the units digit of 85117?
7
What is the hundreds digit of 662?
6
What is the thousands digit of 9055?
9
What is the hundreds digit of 1146?
1
What is the units digit of 12589?
9
What is the hundreds digit of 961?
9
What is the units digit of 56171?
1
What is the tens digit of 6818?
1
What is the tens digit of 115899?
9
What is the hundreds digit of 635?
6
What is the units digit of 1765?
5
What is the hundreds digit of 128707?
7
What is the thousands digit of 10745?
0
What is the ten thousands digit of 12077?
1
What is the tens digit of 517?
1
What is the units digit of 41065?
5
What is the units digit of 1495?
5
What is the units digit of 24318?
8
What is the tens digit of 524?
2
What is the units digit of 1854?
4
What is the hundreds digit of 5819?
8
What is the thousands digit of 2093?
2
What is the units digit of 4035?
5
What is the thousands digit of 5946?
5
What is the units digit of 55488?
8
What is the tens digit of 80419?
1
What is the thousands digit of 1486?
1
What is the units digit of 148724?
4
What is the tens digit of 158492?
9
What is the hundreds digit of 3813?
8
What is the units digit of 67424?
4
What is the tens digit of 44366?
6
What is the hundreds digit of 7342?
3
What is the tens digit of 856?
5
What is the units digit of 13925?
5
What is the hundreds digit of 315?
3
What is the units digit of 4150?
0
What is the hundreds digit of 3824?
8
What is the hundreds digit of 25835?
8
What is the thousands digit of 1814?
1
What is the ten thousands digit of 22450?
2
What is the units digit of 942?
2
What is the thousands digit of 61144?
1
What is the tens digit of 157?
5
What is the units digit of 52261?
1
What is the tens digit of 14708?
0
What is the hundreds digit of 4949?
9
What is the hundreds digit of 7361?
3
What is the ten thousands digit of 129671?
2
What is the thousands digit of 26154?
6
What is the hundreds digit of 6141?
1
What is the units digit of 643?
3
What is the hundreds digit of 29446?
4
What is the tens digit of 1031?
3
What is the hundreds digit of 30632?
6
What is the units digit of 71?
1
What is the thousands digit of 2891?
2
What is the units digit of 1270?
0
What is the hundreds digit of 416?
4
What is the tens digit of 2110?
1
What is the tens digit of 50143?
4
What is the tens digit of 22590?
9
What is the ten thousands digit of 25477?
2
What is the tens digit of 26500?
0
What is the hundreds digit of 86647?
6
What is the ten thousands digit of 19851?
1
What is the tens digit of 6638?
3
What is the thousands digit of 16932?
6
What is the hundreds digit of 19025?
0
What is the units digit of 4588?
8
What is the tens digit of 1455?
5
What is the hundreds digit of 193?
1
What is the units digit of 6044?
4
What is the tens digit of 497?
9
What is the tens digit of 4283?
8
What is the tens digit of 547?
4
What is the units digit of 498?
8
What is the tens digit of 1178?
7
What is the hundreds digit of 3923?
9
What is the hundreds digit of 23337?
3
What is the hundreds digit of 14910?
9
What is the units digit of 4874?
4
What is the ten thousands digit of 137910?
3
What is the thousands digit of 3468?
3
What is the tens digit of 14911?
1
What is the units digit of 46631?
1
What is the hundreds digit of 9728?
7
What is the units digit of 22269?
9
What is the units digit of 1083?
3
What is the units digit of 10244?
4
What is the units digit of 1138?
8
What is the hundreds digit of 23435?
4
What is the units digit of 2379?
9
What is the tens digit of 8813?
1
What is the units digit of 1209?
9
What is the units digit of 1411?
1
What is the tens digit of 91805?
0
What is the tens digit of 152339?
3
What is the tens digit of 112985?
8
What is the hundreds digit of 6730?
7
What is the units digit of 2012?
2
What is the units digit of 351?
1
What is the ten thousands digit of 12918?
1
What is the thousands digit of 1091?
1
What is the tens digit of 71?
7
What is the units digit of 137107?
7
What is the units digit of 224?
4
What is the tens digit of 59426?
2
What is the thousands digit of 1808?
1
What is the ten thousands digit of 52982?
5
What is the thousands digit of 1947?
1
What is the ten thousands digit of 22317?
2
What is the tens digit of 1794?
9
What is the units digit of 23388?
8
What is the tens digit of 8447?
4
What is the ten thousands digit of 49203?
4
What is the ten thousands digit of 77957?
7
What is the units digit of 5155?
5
What is the tens digit of 2232?
3
What is the units digit of 3601?
1
What is the hundreds digit of 108946?
9
What is the ten thousands digit of 10085?
1
What is the thousands digit of 5144?
5
What is the units digit of 10549?
9
What is the thousands digit of 2026?
2
What is the units digit of 7264?
4
What is the tens digit of 1153?
5
What is the tens digit of 98022?
2
What is the ten thousands digit of 20740?
2
What is the units digit of 81358?
8
What is the hundreds digit of 2793?
7
What is the thousands digit of 3670?
3
What is the tens digit of 7180?
8
What is the hundreds digit of 2232?
2
What is the units digit of 18?
8
What is the thousands digit of 3001?
3
What is the thousands digit of 9156?
9
What is the hundreds digit of 99805?
8
What is the units digit of 197?
7
What is the units digit of 1247?
7
What is the thousands digit of 44554?
4
What is the hundreds digit of 159?
1
What is the ten thousands digit of 11367?
1
Wh